{"version":"1.0","provider_name":"Dental Estetik Center","provider_url":"https:\/\/dentalestetikcenter.com\/en","author_name":"Dental","author_url":"https:\/\/dentalestetikcenter.com\/en\/author\/dental\/","title":"Sosyal Medya Payla\u015f\u0131mlar\u0131 Di\u015f Esteti\u011fine \u0130lgiyi Artt\u0131rd\u0131 - Dental Estetik Center","type":"rich","width":600,"height":338,"html":"<blockquote class=\"wp-embedded-content\" data-secret=\"P7d8jjDQgi\"><a href=\"https:\/\/dentalestetikcenter.com\/en\/social-media-posts-increased-interest-in-dental-aesthetics\/\">Social Media Posts Increased Interest in Dental Aesthetics<\/a><\/blockquote><iframe sandbox=\"allow-scripts\" security=\"restricted\" src=\"https:\/\/dentalestetikcenter.com\/en\/social-media-posts-increased-interest-in-dental-aesthetics\/embed\/#?secret=P7d8jjDQgi\" width=\"600\" height=\"338\" title=\"&#8220;Sosyal Medya Payla\u015f\u0131mlar\u0131 Di\u015f Esteti\u011fine \u0130lgiyi Artt\u0131rd\u0131&#8221; &#8212; Dental Estetik Center\" data-secret=\"P7d8jjDQgi\" frameborder=\"0\" marginwidth=\"0\" marginheight=\"0\" scrolling=\"no\" class=\"wp-embedded-content\"><\/iframe><script>\n\/*! This file is auto-generated *\/\n!function(d,l){\"use strict\";l.querySelector&&d.addEventListener&&\"undefined\"!=typeof URL&&(d.wp=d.wp||{},d.wp.receiveEmbedMessage||(d.wp.receiveEmbedMessage=function(e){var t=e.data;if((t||t.secret||t.message||t.value)&&!\/[^a-zA-Z0-9]\/.test(t.secret)){for(var s,r,n,a=l.querySelectorAll('iframe[data-secret=\"'+t.secret+'\"]'),o=l.querySelectorAll('blockquote[data-secret=\"'+t.secret+'\"]'),c=new RegExp(\"^https?:$\",\"i\"),i=0;i<o.length;i++)o[i].style.display=\"none\";for(i=0;i<a.length;i++)s=a[i],e.source===s.contentWindow&&(s.removeAttribute(\"style\"),\"height\"===t.message?(1e3<(r=parseInt(t.value,10))?r=1e3:~~r<200&&(r=200),s.height=r):\"link\"===t.message&&(r=new URL(s.getAttribute(\"src\")),n=new URL(t.value),c.test(n.protocol))&&n.host===r.host&&l.activeElement===s&&(d.top.location.href=t.value))}},d.addEventListener(\"message\",d.wp.receiveEmbedMessage,!1),l.addEventListener(\"DOMContentLoaded\",function(){for(var e,t,s=l.querySelectorAll(\"iframe.wp-embedded-content\"),r=0;r<s.length;r++)(t=(e=s[r]).getAttribute(\"data-secret\"))||(t=Math.random().toString(36).substring(2,12),e.src+=\"#?secret=\"+t,e.setAttribute(\"data-secret\",t)),e.contentWindow.postMessage({message:\"ready\",secret:t},\"*\")},!1)))}(window,document);\n<\/script>","thumbnail_url":"https:\/\/dentalestetikcenter.com\/wp-content\/uploads\/2024\/09\/sosyal-medya-dis-estetigi.webp","thumbnail_width":707,"thumbnail_height":753,"description":"Di\u015f hekimi G\u00fczin K\u0131rsa\u00e7l\u0131o\u011flu \"sosyal medya kullan\u0131m\u0131n\u0131n artmas\u0131yla g\u00fcn\u00fcm\u00fczde foto\u011fraflar\u0131n\u0131 payla\u015fanlar i\u00e7in di\u015f esteti\u011fi \u00f6nemli bir yer edindi\" diyor."}

Sosyal Medya Paylaşımları Diş Estetiğine İlgiyi Arttırdı - Dental Estetik Center

<blockquote class="wp-embedded-content" data-secret="P7d8jjDQgi"><a href="https://dentalestetikcenter.com/en/social-media-posts-increased-interest-in-dental-aesthetics/">Social Media Posts Increased Interest in Dental Aesthetics</a></blockquote><iframe sandbox="allow-scripts" security="restricted" src="https://dentalestetikcenter.com/en/social-media-posts-increased-interest-in-dental-aesthetics/embed/#?secret=P7d8jjDQgi" width="600" height="338" title="&#8220;Sosyal Medya Paylaşımları Diş Estetiğine İlgiyi Arttırdı&#8221; &#8212; Dental Estetik Center" data-secret="P7d8jjDQgi" frameborder="0" marginwidth="0" marginheight="0" scrolling="no" class="wp-embedded-content"></iframe><script>
/*! This file is auto-generated */
!function(d,l){"use strict";l.querySelector&&d.addEventListener&&"undefined"!=typeof URL&&(d.wp=d.wp||{},d.wp.receiveEmbedMessage||(d.wp.receiveEmbedMessage=function(e){var t=e.data;if((t||t.secret||t.message||t.value)&&!/[^a-zA-Z0-9]/.test(t.secret)){for(var s,r,n,a=l.querySelectorAll('iframe[data-secret="'+t.secret+'"]'),o=l.querySelectorAll('blockquote[data-secret="'+t.secret+'"]'),c=new RegExp("^https?:$","i"),i=0;i<o.length;i++)o[i].style.display="none";for(i=0;i<a.length;i++)s=a[i],e.source===s.contentWindow&&(s.removeAttribute("style"),"height"===t.message?(1e3<(r=parseInt(t.value,10))?r=1e3:~~r<200&&(r=200),s.height=r):"link"===t.message&&(r=new URL(s.getAttribute("src")),n=new URL(t.value),c.test(n.protocol))&&n.host===r.host&&l.activeElement===s&&(d.top.location.href=t.value))}},d.addEventListener("message",d.wp.receiveEmbedMessage,!1),l.addEventListener("DOMContentLoaded",function(){for(var e,t,s=l.querySelectorAll("iframe.wp-embedded-content"),r=0;r<s.length;r++)(t=(e=s[r]).getAttribute("data-secret"))||(t=Math.random().toString(36).substring(2,12),e.src+="#?secret="+t,e.setAttribute("data-secret",t)),e.contentWindow.postMessage({message:"ready",secret:t},"*")},!1)))}(window,document);
</script>

Diş hekimi Güzin Kırsaçlıoğlu "sosyal medya kullanımının artmasıyla günümüzde fotoğraflarını paylaşanlar için diş estetiği önemli bir yer edindi" diyor.
